{"id":29,"date":"2023-12-08T18:58:07","date_gmt":"2023-12-08T18:58:07","guid":{"rendered":"http:\/\/accampal.es\/?page_id=29"},"modified":"2023-12-08T20:20:25","modified_gmt":"2023-12-08T20:20:25","slug":"primeiros-pasos","status":"publish","type":"page","link":"https:\/\/accampal.es\/index.php\/primeiros-pasos\/","title":{"rendered":"PRIMEIROS PASOS"},"content":{"rendered":"\n<p>Ano 2022: Ca mirada posta no s\u00e1bado 10 de setembro, data no que se programou o I BaleaFest cas bandas Ambig\u00fco (Laracha) e The Jokers (UK) con pasarr\u00faas da AC Malante que xogaba na casa, organizamos a mediados de agosto unha sardi\u00f1ada popular que xunto ca venta de merchandising supuso a forma de darnos a co\u00f1ecer. O \u00e9xito da nosa primeira edici\u00f3n do BaleaFest foi CAMPAL.<\/p>\n\n\n\n<figure class=\"wp-block-image size-large\"><img loading=\"lazy\" decoding=\"async\" width=\"1024\" height=\"740\" src=\"http:\/\/accampal.es\/wp-content\/uploads\/2023\/12\/0c085da8-6dfa-4b51-8b8c-7cc1c1bbf6e5-1024x740.jpg\" alt=\"\" class=\"wp-image-70\" srcset=\"https:\/\/accampal.es\/wp-content\/uploads\/2023\/12\/0c085da8-6dfa-4b51-8b8c-7cc1c1bbf6e5-1024x740.jpg 1024w, https:\/\/accampal.es\/wp-content\/uploads\/2023\/12\/0c085da8-6dfa-4b51-8b8c-7cc1c1bbf6e5-300x217.jpg 300w, https:\/\/accampal.es\/wp-content\/uploads\/2023\/12\/0c085da8-6dfa-4b51-8b8c-7cc1c1bbf6e5-768x555.jpg 768w, https:\/\/accampal.es\/wp-content\/uploads\/2023\/12\/0c085da8-6dfa-4b51-8b8c-7cc1c1bbf6e5-1536x1111.jpg 1536w, https:\/\/accampal.es\/wp-content\/uploads\/2023\/12\/0c085da8-6dfa-4b51-8b8c-7cc1c1bbf6e5.jpg 1600w\" sizes=\"auto, (max-width: 1024px) 100vw, 1024px\" \/><\/figure>\n\n\n\n<figure class=\"wp-block-image size-full\"><img loading=\"lazy\" decoding=\"async\" width=\"188\" height=\"268\" src=\"http:\/\/accampal.es\/wp-content\/uploads\/2023\/12\/Unknown-3.jpeg\" alt=\"\" class=\"wp-image-72\"\/><\/figure>\n","protected":false},"excerpt":{"rendered":"<div class=\"mh-excerpt\"><p>Ano 2022: Ca mirada posta no s\u00e1bado 10 de setembro, data no que se programou o I BaleaFest cas bandas Ambig\u00fco (Laracha) e The Jokers <a class=\"mh-excerpt-more\" href=\"https:\/\/accampal.es\/index.php\/primeiros-pasos\/\" title=\"PRIMEIROS PASOS\">[&#8230;]<\/a><\/p>\n<\/div>","protected":false},"author":1,"featured_media":0,"parent":0,"menu_order":0,"comment_status":"closed","ping_status":"closed","template":"","meta":{"footnotes":""},"class_list":["post-29","page","type-page","status-publish","hentry"],"_links":{"self":[{"href":"https:\/\/accampal.es\/index.php\/wp-json\/wp\/v2\/pages\/29","targetHints":{"allow":["GET"]}}],"collection":[{"href":"https:\/\/accampal.es\/index.php\/wp-json\/wp\/v2\/pages"}],"about":[{"href":"https:\/\/accampal.es\/index.php\/wp-json\/wp\/v2\/types\/page"}],"author":[{"embeddable":true,"href":"https:\/\/accampal.es\/index.php\/wp-json\/wp\/v2\/users\/1"}],"replies":[{"embeddable":true,"href":"https:\/\/accampal.es\/index.php\/wp-json\/wp\/v2\/comments?post=29"}],"version-history":[{"count":3,"href":"https:\/\/accampal.es\/index.php\/wp-json\/wp\/v2\/pages\/29\/revisions"}],"predecessor-version":[{"id":75,"href":"https:\/\/accampal.es\/index.php\/wp-json\/wp\/v2\/pages\/29\/revisions\/75"}],"wp:attachment":[{"href":"https:\/\/accampal.es\/index.php\/wp-json\/wp\/v2\/media?parent=29"}],"curies":[{"name":"wp","href":"https:\/\/api.w.org\/{rel}","templated":true}]}}