{"id":7,"date":"2023-06-06T09:04:52","date_gmt":"2023-06-06T09:04:52","guid":{"rendered":"http:\/\/accampal.es\/?page_id=7"},"modified":"2023-12-08T19:57:22","modified_gmt":"2023-12-08T19:57:22","slug":"bienvenidos-a-accampal","status":"publish","type":"page","link":"https:\/\/accampal.es\/index.php\/bienvenidos-a-accampal\/","title":{"rendered":"REXURDIMOS"},"content":{"rendered":"\n<p class=\"has-small-font-size\">Anos depois da desaparici\u00f3n da querid\u00edsma AC Tralla d\u00e9monos conta do enorme vac\u00edo que quedou en t\u00f3dala zona norte da Costa da Morte, ag\u00e1s algunha colaboraci\u00f3n a t\u00edtulo individual con algunha entidade privada ou co Concello a causa estaba moi morta. O s\u00e1bado 4 de decembro do ano 2021 un concerto cas bandas Ambiguo, Recambios Tucho e os franceses 58 Shots supuso o encendido da mecha que acabou por formar esta asociaci\u00f3n cultural, no vran do ano 2022, formada por 4 amigos e un amplio grupo de colaboradores e colaboradoras. O nome de Campal apareceu nas primeiras reuni\u00f3ns, \u00e9 unha palabra end\u00e9mica de Malpica e o seu significado \u00e9 algo superlativo e como apuntou unha compa\u00f1eira ten case t\u00f3dolas letras do nome do noso pobo. Tivemos claro que o evento principal do ano ser\u00eda un concerto rock gratuito e incluso xa ti\u00f1amos o nome o BALEAFEST, xa que o noso pobo foi un dos pobos que se dedicaba a caza da balea nos s\u00e9culos XVI e XVII que millor honra para os nosos devanceiros e tradici\u00f3n da nosa vila.<\/p>\n\n\n\n<figure class=\"wp-block-image size-large\"><img loading=\"lazy\" decoding=\"async\" width=\"768\" height=\"1024\" src=\"http:\/\/accampal.es\/wp-content\/uploads\/2023\/12\/63594f73-b17d-4619-a78b-d208e9cc7268-1-768x1024.jpg\" alt=\"\" class=\"wp-image-48\" srcset=\"https:\/\/accampal.es\/wp-content\/uploads\/2023\/12\/63594f73-b17d-4619-a78b-d208e9cc7268-1-768x1024.jpg 768w, https:\/\/accampal.es\/wp-content\/uploads\/2023\/12\/63594f73-b17d-4619-a78b-d208e9cc7268-1-225x300.jpg 225w, https:\/\/accampal.es\/wp-content\/uploads\/2023\/12\/63594f73-b17d-4619-a78b-d208e9cc7268-1-1152x1536.jpg 1152w, https:\/\/accampal.es\/wp-content\/uploads\/2023\/12\/63594f73-b17d-4619-a78b-d208e9cc7268-1.jpg 1200w\" sizes=\"auto, (max-width: 768px) 100vw, 768px\" \/><\/figure>\n","protected":false},"excerpt":{"rendered":"<div class=\"mh-excerpt\"><p>Anos depois da desaparici\u00f3n da querid\u00edsma AC Tralla d\u00e9monos conta do enorme vac\u00edo que quedou en t\u00f3dala zona norte da Costa da Morte, ag\u00e1s algunha <a class=\"mh-excerpt-more\" href=\"https:\/\/accampal.es\/index.php\/bienvenidos-a-accampal\/\" title=\"REXURDIMOS\">[&#8230;]<\/a><\/p>\n<\/div>","protected":false},"author":1,"featured_media":0,"parent":0,"menu_order":0,"comment_status":"closed","ping_status":"closed","template":"","meta":{"footnotes":""},"class_list":["post-7","page","type-page","status-publish","hentry"],"_links":{"self":[{"href":"https:\/\/accampal.es\/index.php\/wp-json\/wp\/v2\/pages\/7","targetHints":{"allow":["GET"]}}],"collection":[{"href":"https:\/\/accampal.es\/index.php\/wp-json\/wp\/v2\/pages"}],"about":[{"href":"https:\/\/accampal.es\/index.php\/wp-json\/wp\/v2\/types\/page"}],"author":[{"embeddable":true,"href":"https:\/\/accampal.es\/index.php\/wp-json\/wp\/v2\/users\/1"}],"replies":[{"embeddable":true,"href":"https:\/\/accampal.es\/index.php\/wp-json\/wp\/v2\/comments?post=7"}],"version-history":[{"count":6,"href":"https:\/\/accampal.es\/index.php\/wp-json\/wp\/v2\/pages\/7\/revisions"}],"predecessor-version":[{"id":62,"href":"https:\/\/accampal.es\/index.php\/wp-json\/wp\/v2\/pages\/7\/revisions\/62"}],"wp:attachment":[{"href":"https:\/\/accampal.es\/index.php\/wp-json\/wp\/v2\/media?parent=7"}],"curies":[{"name":"wp","href":"https:\/\/api.w.org\/{rel}","templated":true}]}}